3/6 - t**2/2 - 18*t. What is g(l)?
-40
Let d be (-22)/(-3) + (4 - 13/3). Let s(o) = -5*o**3 - 3*o**2 - 2*o - 2. Let z be s(-2). Let j(x) = 22*x + 2 + 14*x + 6*x**2 - x**3 - z*x. Give j(d).
-5
Suppose -62*x = -1534 - 450. Let s(i) = -2*i**2 - x + 52*i**3 + 36 - 51*i**3. Determine s(2).
4
Let u(k) = -k**3 + 9*k**2 + 16. Let r be (1 - 1) + 18 + -18 + 9. Determine u(r).
16
Let p(u) = u**2 + 14*u + 50. Suppose 131*v - 127*v + 24 = 0. What is p(v)?
2
Let q(v) = v**2 + 2*v + 2. Let y be 123/6 + (1 - (-3)/6). Suppose -18*h + 12 = -y*h. Calculate q(h).
5
Let o(x) be the third derivative of -x**5/30 - x**4/8 - x**3/2 + 1601*x**2. Determine o(-1).
-2
Let k(g) = -8*g**3 - 20*g**2 - 9*g - 18. Let f(i) = -7*i**3 - 18*i**2 - 8*i - 16. Let b(s) = 5*f(s) - 4*k(s). What is b(-3)?
-5
Let p(w) = -26*w + 7. Let n(q) = -9*q + 2. Let s(f) = 8*n(f) - 3*p(f). Suppose 0 = 16*d - 2*d - 56. Give s(d).
19
Let t(u) = -u**2 + 2*u + 3. Let r be (-134)/(-6) + (100/(-15))/(-10). Suppose r*n = 6*n - 34. What is t(n)?
-5
Let a(u) be the third derivative of 2*u**5/15 - u**4/3 - 5*u**3/3 + 1456*u**2. Calculate a(-4).
150
Let j = -378 - -184. Let n = -188 - j. Let y(t) = t**3 - 8*t**2 + 8*t + 2. Determine y(n).
-22
Let t(z) = -1 + 0*z + 0*z**2 - 3*z - 5*z**2 + 4*z**2. Suppose -3*q + 0*c - 160 = -c, -4*q - 245 = 5*c. Let o = q - -52. Give t(o).
-1
Let i = -16 - -26. Let m(w) = 10*w**2 - w**3 - 7 - 573*w - 590*w + 1164*w. Determine m(i).
3
Let w(f) = f**2 + 10*f - 3. Let l = 397 - 406. Give w(l).
-12
Let h be -7*(-5 + 9)/(-4). Let y(c) = -c**2 + 8*c + 2. Determine y(h).
9
Let z(m) be the second derivative of -1/6*m**3 + 0 - 7/20*m**5 + 0*m**2 + 5*m + 1/12*m**4. Determine z(1).
-7
Let a(c) = -21*c - 25*c - 18*c + 12 + 73*c. What is a(-5)?
-33
Let a be (0 + 0 + 1)*1. Let c = -258 + 267. Let d(g) = -3*g - 7*g**2 - g**2 + c*g**2 - 1 + 4*g. Determine d(a).
1
Let d = 18370 + -18374. Let y(z) = -z - 20. Determine y(d).
-16
Let f(h) = h**3 - 301 - 2*h**2 + 293 - 2*h**2 + 5*h**2 - 5*h. Calculate f(0).
-8
Let m(r) = 11*r - 6. Let z(j) = -20*j + 11. Let w(c) = -11*m(c) - 6*z(c). Let i(o) = -o**2 - 9*o - 18. Let q be i(-2). Determine w(q).
4
Let c be 1/(2/(-26)) - -10. Let h(o) = -11*o**3 - o**2 - 2*o - 5. Let b(z) = -7*z**3 - z**2 - z - 3. Let j(t) = 8*b(t) - 5*h(t). Give j(c).
-5
Let v(s) = -s**2 - 2*s - 3. Let t(m) = 4*m**2 + 2*m + 57. Let b(z) = t(z) + 5*v(z). Give b(-12).
-6
Let h(u) be the second derivative of 5*u**3/6 + 7*u**2/2 - 1104*u. Determine h(-6).
-23
Let a(y) = -3*y**2 - 38*y + 262. Let k(w) = w**2 + 13*w - 87. Let h(d) = -6*a(d) - 17*k(d). Let f(l) be the first derivative of h(l). Give f(3).
13
Suppose -4*u = -6*u - 14. Let c(a) be the third derivative of a**6/120 + 2*a**5/15 + 3*a**4/8 + 7*a**3/6 - 15*a**2 + 8*a + 9. Determine c(u).
-7
Let d(t) = -t**2 - 2*t. Let b be d(-2). Let j(i) = -15*i + 70. Let l(u) = 22*u - 98. Let v(z) = -3*j(z) - 2*l(z). Give v(b).
-14
Let n(u) = u**3 - 13*u**2 + 25*u - 37. Let d(o) = -17*o - 499. Let j be d(-30). Give n(j).
-4
Let n(h) = 4*h - 51. Let w(q) = q - 9. Let v(s) = -n(s) + 6*w(s). Give v(14).
25
Let o(b) = -10*b + 26. Suppose -7*u - 24*u - 6*u + 296 = 0. Determine o(u).
-54
Let i(u) = -u**2 - u + 4. Suppose 0 = 4*p - 5*s - 30, -p - 3*s - 1 = -0*p. Let b be (-4 + p - 0) + -77. Let z = b - -79. Give i(z).
-8
Let v(p) = -p + 3. Let h be v(4). Let x(a) be the third derivative of -5*a**4/12 - a**3/3 - 5*a**2 + 351*a - 1. Determine x(h).
8
Suppose 10*i - 5 = 5*i + 6*i. Let s(g) = -12*g - 19. Calculate s(i).
41
Let w be (((-650)/(-35))/5)/((-6)/(-42)). Let x(o) = 12*o - w*o - 1 + 18*o. Calculate x(1).
3
Let r(i) = -1746 + 1733 + 7*i - 7*i - i. Calculate r(-24).
11
Let z(h) be the first derivative of -h**2/2 - 13*h - 276. Let u be (3 - 2)*(-13 - -4). Give z(u).
-4
Let m(l) = 3*l**2 + 7*l - 3. Suppose 4*v = 5*o - 2295, v - 59*o + 64*o = -555. Let x = v - -567. Determine m(x).
3
Let p(i) = -i**3 + 17*i**2 - 17*i + 20. Let g(f) = f**2 - 73*f - 814. Let m be g(83). Calculate p(m).
4
Let b(g) = 2*g - 3. Let v(m) = -4*m + 7. Let z(i) = 14*b(i) + 6*v(i). Suppose 0 = -111*h + 115 + 9 + 209. What is z(h)?
12
Let y(b) = -b - 1. Let i(d) = 5*d + 14. Let q(f) = -i(f) - 6*y(f). Let w be 7/(-1) + (-28 - -41). Calculate q(w).
-2
Suppose 28*y + 360 = 60*y + 40*y. Let s(m) = -8*m**2 + 37*m + 5. Give s(y).
-10
Let n = -5629 + 5630. Let t(y) = -7*y - 5. Let d(u) = -1 - 3*u + 0*u + 2*u. Let o(b) = n*t(b) - 5*d(b). What is o(-3)?
6
Suppose 0 = 2*d + 2*x - 8504, 2*d - 7023 = -5*x + 1487. Let c(r) = -11 + 2*r**2 - r**2 - 4258*r + d*r. Calculate c(9).
-2
Let h(p) = 954*p + 50562. Let t be h(-53). Let a(m) = -3*m + 30. Let q(c) = -c + 1. Let b(x) = -a(x) + 2*q(x). Determine b(t).
-28
Let q(h) = h**2 - 11. Suppose 17*t + 167 = 235. Let x(n) = 2*n - 3. Let k be x(4). Suppose l = 4*u, 0*l + k*l = -t*u. What is q(l)?
-11
Let z(x) = -3*x**2 + 9*x - 3. Let h be (612/81 + -8)*27/(-2). What is z(h)?
-57
Let h(f) = -7*f - 7. Suppose -6158*a = -6163*a. Calculate h(a).
-7
Let y(m) be the third derivative of m**5/10 - m**4/8 + 35*m**3 - 230*m**2. Let f(z) be the first derivative of y(z). Calculate f(2).
21
Let x(b) be the second derivative of -25*b**4/6 + b**2 + 9*b - 73. Determine x(-1).
-48
Let g(y) = -y**3 + 10*y**2 + 11*y + 7. Let v(n) = n**2 - 24*n + 18. Let z be v(11). Let x = 136 + z. Determine g(x).
7
Suppose 132 = -18*g - 48. Let p(q) = -104*q**2 + 48*q**2 - 2 + 9*q - q**3 + 47*q**2 - 7. Determine p(g).
1
Let r be (15 + -9 - 11)*(-2)/5. Let c(a) = -17*a. Determine c(r).
-34
Let v(h) = 14*h**3 + 19*h**2 - 49. Let u(g) = -3*g**3 - 5*g**2 + 12. Let o(b) = 9*u(b) + 2*v(b). Give o(6).
-26
Let z(c) be the third derivative of -c**6/120 - c**5/60 - c**3/3 + 2678*c**2. Suppose -5*r = -m + 16 - 4, 0 = -5*m + 10. Calculate z(r).
2
Let b(p) = -1663*p**2 - 3 + 1661*p**2 - 6 - 9*p. Determine b(-4).
-5
Suppose 2 = 3*y - 2*y. Suppose 3*f - 36 = -f + 4*r, -5*f = -y*r - 30. Let u(t) = 6*t + 22. Let m(b) = b + 4. Let s(l) = -11*m(l) + 2*u(l). Determine s(f).
4
Let j(i) be the second derivative of -1/2*i**2 - 44*i + 1/6*i**3 + 0. What is j(1)?
0
Let m(i) = i**2 + 3*i - 2. Let a be 20/1950*-5 - (-308)/(-78). Give m(a).
2
Let h(z) be the first derivative of -z**3/3 + 11*z**2/2 - 15*z + 6587. What is h(9)?
3
Let h(b) be the first derivative of b**4/4 - b**3 - b**2/2 - b - 817. What is h(-2)?
-19
Let u(m) = 2*m**2 + 21*m + 6. Let g(y) = -y**2 - 10*y - 3. Let w(k) = -13*g(k) - 6*u(k). Suppose 0 = 2*o + r + 1, -4*o + 4 = 4*r - 4. Calculate w(o).
0
Let g(p) be the first derivative of -1/3*p**3 - p**2 - 64 + 3*p. What is g(-3)?
0
Suppose 0 = 3*j - 4*v, -7 = -4*v - 19. Let u(k) = -3*k**2 + 2 + 4*k**2 + 3*k + k. What is u(j)?
2
Suppose 2 = 3*b - 2*h, -5*b + 12*h = 9*h - 4. Let p(f) = 0*f**2 - 4 + 7*f + 0*f**b + f**2 + 3. Let y = -11 + 6. Calculate p(y).
-11
Let n(z) be the second derivative of -z**4/12 - 3*z**3 + 23*z**2/2 + 459*z. What is n(-19)?
4
Let m(z) = 8*z**3 + 19*z**2 - 38*z - 10. Let s(d) = -8*d**3 - 18*d**2 + 44*d + 11. Let f(w) = 7*m(w) + 6*s(w). Give f(-3).
11
Let f(c) = 4*c**3 - c**2 + c. Let l(u) = u**2 + 13*u - 19. Let i be l(-15). Let t = i - 10. Determine f(t).
4
Let n(i) = -8*i + 7. Suppose -70 = -5*f - 5. Let z(c) = 13*c - 18*c - 15 + 22*c. Let h(k) = f*n(k) + 6*z(k). Calculate h(-5).
11
Let z(r) = -3*r - 1. Let d(a) = -10*a - 4. Let i(k) = 2*d(k) - 7*z(k). Let v(c) = 4*c**2 + 262*c - 674. Let m be v(-68). Determine i(m).
5
Suppose 0 = 4*r - 3*v + 1, 4*r + 2*v - 34 = 0. Let d(b) = 15*b - 43. Determine d(r).
32
Let r(d) = 219 + 200 + 204 - 674 - 3*d**2 - 16*d. Determine r(-7).
-86
Let z(n) = -21*n. Let x(q) = -2504*q + 120. Let d(p) = 2*x(p) - 240*z(p). Calculate d(-8).
-16
Let v(g) = 2*g**3 - 21*g**2 + 13*g. Let f be 41/6 + (-20)/(-120). Let p(k) = k**3 - 11*k**2 + 7*k - 1. Let x(r) = f*p(r) - 4*v(r). Determine x(6).
11
Let j(w) be the second derivative of -w**5/20 + 17*w**4/12 + 20*w**3/3 + w**2 + 3400*w. Calculate j(19).
40
Let j be 3 - (-5)/(-10)*-426. Suppose 39 = 5*l - j. Suppose 0 = 2*d - 19*d + l. Let z(y) = y - 6. Determine z(d).
-3
Let y(d) = d + 1. Let a(j) = 4*j - 8. Let t = -176 - -182. Let r(h) = t*y(h) - a(h). Give r(-6).
2
Suppose -24 = 2*x - 4*h - h, -5*x + h - 37 = 0. Let u(g) = 119 - 45 - 4*g + 2*g + 3*g - 42 - 39. Give u(x).
-14
Suppose 0 = 8187*j - 8219*j + 64